
-270
Let d(p) = 27*p + 1096. Determine d(-41).
-11
Let b(v) = 1552*v - 12387. Calculate b(8).
29
Let v(b) = 17*b + 289. Determine v(-24).
-119
Let c(s) = 17*s - 79. What is c(-4)?
-147
Let h(p) = -p**3 + 31*p**2 - 2*p + 83. Give h(31).
21
Let i(r) = -4*r**2 + 36*r - 44. Calculate i(7).
12
Let u(g) = -6*g**2 + 56*g - 12. What is u(9)?
6
Let w(b) = b**2 - 4*b - 868. What is w(-28)?
28
Let s(j) = 18*j**2 - 778*j + 187. Determine s(43).
15
Let a(x) = 24*x - 36. Give a(9).
180
Let a(c) = -21*c - 129. Give a(-9).
60
Let v(k) = -k**3 - 8*k**2 - 12*k + 2. What is v(-6)?
2
Let q(h) = -7*h + 61. Calculate q(6).
19
Let z(x) = 4*x**2 - 44*x - 10. Give z(0).
-10
Let d(b) = -21*b**2 - 390*b - 384. Determine d(-1).
-15
Let u(k) = 69*k + 546. Give u(-14).
-420
Let b(y) = -5*y**2 - 52*y + 151. Give b(-13).
-18
Let g(s) = -s**2 - 69*s - 319. Give g(-64).
1
Let l(m) = -248*m**2 - 1475*m + 62. What is l(-6)?
-16
Let d(c) = -c**3 + 37*c**2 - 144*c + 17. Calculate d(32).
529
Let t(d) = -197*d - 17331. Give t(-88).
5
Let i(x) = 858*x + 3441. Determine i(-4).
9
Let b(v) = -8*v**2 - 402*v - 487. Calculate b(-49).
3
Let w(k) = -778*k - 3108. Calculate w(-4).
4
Let i(s) = -6*s**2 - 119*s - 513. Determine i(-7).
26
Let y(h) = h**2 + 8*h - 131. Determine y(11).
78
Let q(j) = 3*j**3 - 24*j**2 + 2*j + 22. What is q(8)?
38
Let s(m) = -33*m - 267. Calculate s(-8).
-3
Let l(r) = -19*r**2 + 302*r + 34. Give l(16).
2
Let u(y) = 2708*y + 2759. Give u(-1).
51
Let z(t) = 10*t**3 - 8*t**2 - 19*t - 7. Calculate z(-2).
-81
Let w(a) = -3*a**2 - 45*a + 165. Determine w(3).
3
Let o(g) = 2*g**3 + 35*g**2 + 4. Calculate o(0).
4
Let f(z) = 42*z - 1866. Determine f(41).
-144
Let j(m) = -m**3 - 13*m**2 - 17*m + 3. Determine j(-4).
-73
Let f(b) = 2*b**3 + 7*b**2 - 49*b - 194. Give f(-4).
-14
Let m(j) = -j**3 + j**2 - j - 2. Calculate m(0).
-2
Let g(y) = 53*y + 1756. What is g(-33)?
7
Let f(v) = 3*v**3 + 319*v**2 + 100*v - 633. Calculate f(-106).
3
Let b(g) = 2*g**3 + 226*g**2 - 447*g + 1496. Give b(-115).
1
Let a(b) = -b**3 + 7*b**2 + 20*b - 146. Give a(7).
-6
Let f(r) = r**3 - 72*r**2 - 168*r + 1458. Give f(74).
-22
Let g(y) = -24*y**2 - 6911*y + 290. What is g(-288)?
2
Let d(g) = -100*g + 245. What is d(4)?
-155
Let u(o) = -5*o**3 - 55*o**2 - 117*o + 23. Calculate u(-8).
-1
Let o(f) = -3*f**3 - 10*f**2 + 22*f - 24. What is o(-5)?
-9
Let s(g) = -17*g - 254. What is s(-26)?
188
Let p(m) = -105*m**3 + m**2 - m. Calculate p(-1).
107
Let j(x) = -1646*x + 3303. Calculate j(2).
11
Let f(s) = -s**2 + 19*s + 321. Give f(-11).
-9
Let f(j) = 1147*j + 3455. Calculate f(-3).
14
Let y(k) = 128*k - 1502. What is y(11)?
-94
Let i(c) = 25*c**2 + 4377*c + 217. Determine i(-175).
-133
Let h(w) = 57*w + 1612. What is h(-31)?
-155
Let h(m) = m**2 - 28*m - 996. Calculate h(48).
-36
Let o(i) = 2*i**2 + 331*i + 3817. Determine o(-153).
-8
Let a(d) = -4*d**2 - 22*d. Determine a(8).
-432
Let m(l) = -13*l**2 - 1375*l + 314. Give m(-106).
-4
Let m(y) = -7428*y - 44560. Determine m(-6).
8
Let u(a) = a**2 - 187*a + 1440. Calculate u(8).
8
Let y(k) = -9*k - 35. What is y(-6)?
19
Let b(o) = -20917*o - 20915. What is b(-1)?
2
Let s(m) = m**3 + 10*m**2 + 26*m + 181. Determine s(-10).
-79
Let t(z) = 11*z**2 + 303*z + 932. Calculate t(-24).
-4
Let w(l) = l**3 + 63*l**2 + 183*l + 139. Give w(-60).
-41
Let f(n) = -n**3 + 156*n**2 + 161*n - 632. What is f(157)?
-4
Let r(v) = 256*v + 3248. Calculate r(-13).
-80
Let i(u) = u**3 - 82*u**2 + 4*u - 310. Calculate i(82).
18
Let k(v) = -v**2 - 2*v + 299. Determine k(-18).
11
Let s(i) = -587*i**2 - 4696*i - 5. Determine s(-8).
-5
Let f(b) = -2*b + 138. Determine f(14).
110
Let j(l) = 2*l**3 + 24*l**2 + 38*l + 202. Calculate j(-11).
26
Let m(g) = 3*g**2 + 132*g + 736. Give m(-37).
-41
Let d(f) = -f**2 - 110*f - 2964. What is d(-54)?
60
Let s(m) = -57*m - 533. Give s(-19).
550
Let a(l) = -297*l - 7726. Calculate a(-26).
-4
Let m(f) = -2*f**3 + 2*f**2 - 13*f - 18. Give m(0).
-18
Let v(j) = j**3 + 27*j**2 + 100*j + 666. Give v(-24).
-6
Let y(d) = 16*d**2 + 558*d - 117. Give y(-35).
-47
Let m(p) = -2*p**3 + p**2 + 18*p + 20. What is m(-2)?
4
Let o(m) = 7*m + 27. Calculate o(-25).
-148
Let w(h) = h**3 + 7*h**2 - 54*h + 12. Calculate w(-11).
122
Let h(k) = k**3 - 126*k**2 - 109*k - 2271. Determine h(127).
15
Let s(o) = 4*o + 228. Give s(-24).
132
Let c(w) = w**3 + 18*w**2 + 38*w + 57. What is c(-16)?
-39
Let a(c) = -2*c**3 - 79*c**2 - 64*c - 969. Calculate a(-39).
6
Let c(d) = -286*d + 1551. Give c(5).
121
Let n(b) = 24*b + 951. Give n(-39).
15
Let f(u) = 27*u - 456. Give f(15).
-51
Let l(p) = p**2 + 470*p - 1414. Calculate l(3).
5
Let a(u) = -u**3 + 3*u**2 + 28*u - 12. Determine a(7).
-12
Let k(g) = g**3 - 27*g**2 - 50*g - 69. Calculate k(29).
163
Let l(f) = -f**3 - 9*f**2 - 22*f - 6. Give l(-7).
50
Let m(a) = a**2 + 55*a - 303. Give m(-59).
-67
Let o(v) = -308*v + 1759. Give o(5).
219
Let y(t) = -2*t**3 - 21*t**2 - 58*t + 48. Calculate y(-5).
63
Let o(n) = -268*n**2 - 4013*n - 11. Calculate o(-15).
-116
Let j(a) = a**3 - 81*a**2 - 812*a + 188. Give j(90).
8
Let p(h) = 4*h**3 - 18*h**2 + 2*h + 24. Give p(4).
0
Let c(x) = -2*x**3 - 19*x**2 + 20*x + 252. What is c(-9)?
-9
Let q(j) = j**3 - 41*j**2 + 5*j - 162. Determine q(41).
43
Let d(t) = -62*t + 167. Determine d(-7).
601
Let b(p) = -p**3 + 9*p**2 + 125*p + 12. Give b(0).
12
Let m(n) = -524*n + 2087. What is m(4)?
-9
Let l(p) = -2*p**3 - 47*p**2 - 128*p + 10. Calculate l(-3).
25
Let q(u) = -29*u**2 + 3*u - 14. What is q(3)?
-266
Let d(f) = -242*f - 3232. Determine d(-13).
-86
Let i(k) = k**2 + 19*k - 1035. Give i(-42).
-69
Let h(z) = z**3 - 54*z**2 - 298*z + 175. Determine h(59).
-2
Let c(w) = -28*w**3 - 2*w**2 + 2*w - 7. Determine c(-3).
725
Let t(a) = -74*a + 218. Give t(1).
144
Let z(x) = 400*x - 3581. Calculate z(9).
19
Let y(c) = -10*c**3 + 4*c**2 + 6*c + 3. Give y(-1).
11
Let b(n) = 3*n**2 + 79*n + 30. Give b(-26).
4
Let r(l) = l**2 - 115*l + 751. Give r(7).
-5
Let u(c) = c**3 - 8*c**2 + 21*c - 135. Give u(7).
-37
Let h(p) = -p**3 + 6*p**2 + 23. Determine h(-4).
183
Let a(i) = -i**3 - 7*i**2 - i - 11. Determine a(-7).
-4
Let w(f) = 254*f + 431. Calculate w(-2).
-77
Let r(i) = i**3 - 27*i**2 + 30*i - 10. Calculate r(26).
94
Let z(y) = -y**3 + 23*y**2 + 7*y + 404. What is z(24)?
-4
Let k(b) = 115*b**3 - b**2 + 6*b - 3. Determine k(1).
117
Let g(q) = -q**2 + 19*q + 161. Determine g(-7).
-21
Let i(m) = m - 36. Give i(2).
-34
Let h(x) = -18*x + 171. What is h(7)?
45
Let a(i) = 4*i**2 - 601*i + 734. Calculate a(149).
-11
Let y(d) = -225*d - 2526. Calculate y(-11).
-51
Let f(p) = 6*p**2 + 453*p + 682. Determine f(-74).
16
Let a(i) = 5*i**3 - 15*i**2 + 17*i - 33. Give a(3).
18
Let f(o) = -1175*o - 31725. Give f(-27).
0
Let u(l) = -l**2 - 34*l + 320. What is u(8)?
-16
Let w(r) = 135*r**2 - 3*r - 6. Determine w(-1).
132
Let r(y) = y**3 - y**2 - 59*y - 12. What is r(-7)?
9
Let r(i) = -7*i**2 + 61*i - 20. Determine r(8).
20
Let k(j) = 11*j - 217. Calculate k(20).
3
Let m(v) = -5360*v + 42886. What is m(8)?
6
Let s(b) = 42*b**2 + 34*b - 37. Give s(1).
39
Let m(s) = s**3 + 17*s**2 + 3*s + 60. Determine m(-17).
9
Let r(b) = 73*b**2 + 299*b + 16. Calculate r(-4).
-12
Let q(j) = 95*j**3 - j**2 + 5*j - 4. Calculate q(1).
95
Let w(s) = -105*s - 4021. Calculate w(-40).
179
Let o(j) = -16*j**3 + 2627*j**2 - 493*j + 174. Determine o(164).
10
Let n(v) = -5*v**2 + 20*v - 136. What is n(12)?
-616
Let b(s) = -2*s**3 - 9*s**2 - 5*s + 14. What is b(-6)?
152
Let t(j) = -j**3 + 24*j**2 + j + 11. Determine t(24).
35
Let g(n) = -n**3 + 8*n**2 + 22*n + 1. Give g(10).
21
Let b(r) = -2*r**2 - 14*r + 15. What is b(-12)?
-105
Let i(f) = -14*f + 487. Calculate i(13).
305
Let o(s) = -139*s**2 - 9*s - 9. Calculate o(-1).
-139
Let b(n) = -3334*n + 3436. Calculate b(1).
102
Let b(i) = 6*i**2 + 457*i - 362. Determine b(-77).
23
Let w(x) = -74*x**2 + 68*x - 68. Give w(1).
-74
Let u(r) = -272*r + 10046. Give u(37).
-18
Let j(r) = 2*r**3 - 4*r**2 - 5*r + 23. Calculate j(-4).
-149
Let d(w) = -11*w**3 - 351*w**2 + 37*w + 148. Calculate d(-32).
-12
Let z(d) = d**3 - 8*d**2 - 69*d + 511. What is z(9)?
-29
Let k(d) = -d**3 - 2*d**2 + 30*d + 8. What is k(5)?
-17
Let w(d) = 13*d - 17. What is w(-8)?
-121
Let h(i) = 5*i**2 - 194*i - 443. Give h(41).
8
Let h(j) = -52*j - 365. Give h(-5